 the hundreds digit of 21647084?
0
What is the thousands digit of 200902?
0
What is the millions digit of 21487943?
1
What is the units digit of 5429225?
5
What is the hundred thousands digit of 3978929?
9
What is the tens digit of 74560?
6
What is the hundreds digit of 937161?
1
What is the ten thousands digit of 4349903?
4
What is the thousands digit of 113083?
3
What is the thousands digit of 2062835?
2
What is the thousands digit of 43806?
3
What is the units digit of 12907690?
0
What is the tens digit of 395049?
4
What is the hundreds digit of 330763?
7
What is the millions digit of 6707910?
6
What is the hundred thousands digit of 127553?
1
What is the hundred thousands digit of 2430956?
4
What is the hundred thousands digit of 187448?
1
What is the thousands digit of 4744652?
4
What is the hundred thousands digit of 955278?
9
What is the ten millions digit of 11572002?
1
What is the hundred thousands digit of 835692?
8
What is the hundred thousands digit of 863309?
8
What is the hundred thousands digit of 132628?
1
What is the hundred thousands digit of 4698375?
6
What is the tens digit of 2178845?
4
What is the hundred thousands digit of 233329?
2
What is the thousands digit of 146716?
6
What is the tens digit of 416986?
8
What is the hundreds digit of 19936?
9
What is the units digit of 11742300?
0
What is the hundreds digit of 8240801?
8
What is the units digit of 1672984?
4
What is the ten thousands digit of 572680?
7
What is the units digit of 469462?
2
What is the hundred thousands digit of 2525137?
5
What is the ten millions digit of 38492003?
3
What is the units digit of 2705934?
4
What is the units digit of 801904?
4
What is the millions digit of 8757821?
8
What is the hundreds digit of 503224?
2
What is the ten thousands digit of 323651?
2
What is the hundred thousands digit of 14406931?
4
What is the tens digit of 1031405?
0
What is the tens digit of 9483534?
3
What is the tens digit of 440722?
2
What is the hundred thousands digit of 214421?
2
What is the units digit of 2644027?
7
What is the ten thousands digit of 955203?
5
What is the hundreds digit of 110376?
3
What is the hundreds digit of 13809347?
3
What is the ten thousands digit of 513702?
1
What is the hundreds digit of 6539163?
1
What is the ten thousands digit of 27560?
2
What is the tens digit of 4588985?
8
What is the hundreds digit of 3118221?
2
What is the hundreds digit of 5906856?
8
What is the millions digit of 6132846?
6
What is the thousands digit of 1195973?
5
What is the thousands digit of 4424231?
4
What is the millions digit of 1002736?
1
What is the hundreds digit of 4638310?
3
What is the tens digit of 4797978?
7
What is the tens digit of 196250?
5
What is the ten thousands digit of 24177?
2
What is the hundreds digit of 10602961?
9
What is the units digit of 533?
3
What is the hundred thousands digit of 398535?
3
What is the millions digit of 28861680?
8
What is the tens digit of 15883621?
2
What is the hundreds digit of 510414?
4
What is the units digit of 2054636?
6
What is the units digit of 3737973?
3
What is the hundred thousands digit of 850847?
8
What is the hundreds digit of 3605089?
0
What is the ten thousands digit of 937275?
3
What is the tens digit of 6037430?
3
What is the hundred thousands digit of 36393699?
3
What is the millions digit of 3593135?
3
What is the millions digit of 2650931?
2
What is the millions digit of 22126684?
2
What is the tens digit of 3023666?
6
What is the thousands digit of 7615995?
5
What is the units digit of 1379742?
2
What is the units digit of 6377195?
5
What is the tens digit of 6271370?
7
What is the ten thousands digit of 27485876?
8
What is the tens digit of 2081420?
2
What is the hundreds digit of 1716772?
7
What is the tens digit of 2924009?
0
What is the ten thousands digit of 9763496?
6
What is the tens digit of 905089?
8
What is the tens digit of 506484?
8
What is the thousands digit of 385694?
5
What is the units digit of 4546804?
4
What is the tens digit of 48966?
6
What is the tens digit of 553602?
0
What is the tens digit of 14027?
2
What is the thousands digit of 9253376?
3
What is the thousands digit of 546145?
6
What is the millions digit of 1061842?
1
What is the ten thousands digit of 10260831?
6
What is the tens digit of 953336?
3
What is the ten thousands digit of 889144?
8
What is the hundred thousands digit of 3510909?
5
What is the units digit of 284365?
5
What is the tens digit of 30829493?
9
What is the hundreds digit of 672418?
4
What is the ten thousands digit of 93154?
9
What is the hundred thousands digit of 482047?
4
What is the millions digit of 1735167?
1
What is the hundreds digit of 164790?
7
What is the millions digit of 12750374?
2
What is the millions digit of 1369791?
1
What is the units digit of 295392?
2
What is the hundreds digit of 2858440?
4
What is the units digit of 481778?
8
What is the hundreds digit of 835253?
2
What is the tens digit of 3175402?
0
What is the hundred thousands digit of 8876221?
8
What is the hundreds digit of 6539887?
8
What is the thousands digit of 200951?
0
What is the hundreds digit of 28908890?
8
What is the millions digit of 3792686?
3
What is the tens digit of 7064694?
9
What is the units digit of 344785?
5
What is the millions digit of 1413819?
1
What is the tens digit of 1178979?
7
What is the hundred thousands digit of 1850912?
8
What is the ten thousands digit of 210131?
1
What is the thousands digit of 208702?
8
What is the units digit of 654610?
0
What is the hundreds digit of 293052?
0
What is the thousands digit of 3393947?
3
What is the ten millions digit of 29933619?
2
What is the tens digit of 6220?
2
What is the thousands digit of 1410101?
0
What is the hundreds digit of 25068361?
3
What is the ten thousands digit of 80192?
8
What is the hundred thousands digit of 246451?
2
What is the ten thousands digit of 128397?
2
What is the ten millions digit of 14318385?
1
What is the ten thousands digit of 663551?
6
What is the ten thousands digit of 878693?
7
What is the tens digit of 8101287?
8
What is the tens digit of 527780?
8
What is the ten thousands digit of 2407999?
0
What is the hundreds digit of 557220?
2
What is the millions digit of 1743965?
1
What is the hundreds digit of 759050?
0
What is the tens digit of 463975?
7
What is the hundreds digit of 486292?
2
What is the ten thousands digit of 132410?
3
What is the thousands digit of 6522?
6
What is the ten thousands digit of 10279363?
7
What is the ten thousands digit of 408992?
0
What is the thousands digit of 461960?
1
What is the hundred thousands digit of 112973?
1
What is the units digit of 4351772?
2
What is the hundred thousands digit of 5352529?
3
What is the ten thousands digit of 1889002?
8
What is the tens digit of 421722?
2
What is the units digit of 208622?
2
What is the ten thousands digit of 695045?
9
What is the tens digit of 204319?
1
What is the hundreds digit of 9490395?
3
What is the hundreds digit of 990135?
1
What is the hundreds digit of 186660?
6
What is the hundred thousands digit of 147239?
1
What is the tens digit of 686205?
0
What is the hundred thousands digit of 1563632?
5
What is the thousands digit of 2308388?
8
What is the units digit of 169862?
2
What is the ten thousands digit of 203045?
0
What is the thousands digit of 728412?
8
What is the ten thousands digit of 1642380?
4
What is the tens digit of 7385350?
5
What is the hundreds digit of 640253?
2
What is the hundred thousands digit of 33304260?
3
What is the hundred thousands digit of 1744318?
7
What is the hundred thousands digit of 397426?
3
What is the tens digit of 2428178?
7
What is the thousands digit of 65082?
5
What is the ten thousands digit of 37985?
3
What is the hundreds digit of 2059925?
9
What is the millions digit of 22533106?
2
What is the millions digit of 1601660?
1
What is the units digit of 983403?
3
What is the ten thousands digit of 32328939?
2
What is the hundreds digit of 3103497?
4
What is the ten thousands digit of 32185540?
8
What is the hundreds digit of 960455?
4
What is the units digit of 130872?
2
What is the ten thousands digit of 41988?
4
What is the hundreds digit of 621873?
8
What is the units digit of 1052033?
3
What is the units digit of 7